e (-5)/2*g/2. What is the units digit of -1 + 2 - (-10)/l?
3
Let j(i) = 4*i**3 - 2*i**2 + i + 2. What is the units digit of j(2)?
8
Let i(l) = -l**2 + 2 + 7*l + 13 + 6*l. What is the units digit of i(12)?
7
Suppose -3*m - 5*p = -0*p - 1234, 2*m = 2*p + 812. What is the hundreds digit of m?
4
Suppose -c + 4 = -20. What is the tens digit of (-198)/(-5) - c/(-60)?
4
Suppose 8*y = 3*y - 35. Let l(f) = 1. Let p(b) = -b - 5. Let d(a) = 3*l(a) - p(a). What is the units digit of d(y)?
1
Let s = 2 - -2. Suppose -69 = -s*n + 3. What is the tens digit of n?
1
Let k = 12 + 16. What is the units digit of k?
8
Let q = 78 + 9. What is the tens digit of q?
8
Suppose -17 = -c - h, 4*c - 2*h - 66 + 16 = 0. Let b = 26 - c. What is the tens digit of b?
1
Suppose -31 = -5*q - 11. Suppose 4*w = -5*r + 186, -18 = -q*w - 2. What is the tens digit of r?
3
Let a(n) be the second derivative of -n**5/20 + 3*n**4/4 - 4*n**3/3 + 9*n**2/2 - 3*n. Let w = 0 + 8. What is the units digit of a(w)?
9
Let v = 124 + -70. What is the units digit of v?
4
What is the units digit of (-2)/5 + 517/55?
9
Suppose 0 = 2*h - 5*q + 16, -14 = -h + 3*h - 4*q. Let f = 10 - h. What is the units digit of f?
3
Let f be (-7)/(-5) + (-6)/15. Let n = 6 - f. Suppose -n*c + 2*c = -6. What is the units digit of c?
2
Let x(t) = -t - 5. Let p be (-1 + 4)/(6/76). Suppose -h = -o - 2*h - 9, -4*o - 5*h = p. What is the units digit of x(o)?
2
Suppose -2*d + 3*d - 15 = 0. What is the units digit of d?
5
Let m = 11 + 3. What is the units digit of m?
4
Let i be -71*(-1)/2*2. Suppose -5*n - i + 0 = -3*c, 5*n - 10 = 0. What is the units digit of c?
7
Suppose -2*l = -s + 3, 0*l = -4*l + 5*s - 15. Suppose 2*p - 25 - 23 = l. What is the units digit of p?
4
Let s(j) = 2*j**2 + 3*j - 2. Let t be s(-5). Suppose 0*l - 3*l + t = 0. What is the units digit of l?
1
Let v(q) = -q**2 - 8*q + 4. What is the units digit of v(-7)?
1
Let p(m) = 4*m + 2. Let o be 1/(14/(-8) + 2). Suppose -a = a - o. What is the units digit of p(a)?
0
Let w = 86 + -63. What is the units digit of w?
3
Suppose -2*m = -10 - 12. Suppose -c + 5 = -m. Suppose 7 = -v + c. What is the units digit of v?
9
Suppose 5*o - 387 = 2*x + 47, x = -o + 84. What is the units digit of (6/(-2))/((-6)/o)?
3
Suppose -4*z = 55 - 295. What is the tens digit of z?
6
Let w be 73/7 + (-3)/7. What is the units digit of ((-8)/w)/((-6)/330)?
4
Let s = 3 - 0. Suppose n + s*n - 140 = 0. What is the tens digit of n?
3
Let g(u) = -2*u - 8. Suppose 5*r + 3 = -2*y, -2 = -r - 4*y + y. Let h = r - 6. What is the units digit of g(h)?
6
Let g be (-212)/18 - (-38)/(-171). What is the units digit of ((-324)/g)/(1 - 0)?
7
Suppose -3*i + 17 = 2*s - 0, 4*i + 24 = 2*s. Suppose -3*w = 3*b - 3, w - 2*w + s = 4*b. Let y(d) = d**3 + 5*d**2 + 3*d. What is the units digit of y(w)?
6
What is the tens digit of -3 - -40*(0 + 3)?
1
Suppose -2 = -b + 1. Suppose -b*o = -3*u + 27 - 6, 0 = -4*o - 4. Let l(j) = -j + 7. What is the units digit of l(u)?
1
Let v(j) = 3*j - 5. Suppose 0*t = 5*t - 20. What is the units digit of v(t)?
7
Let k(b) = -b**2. Let g be k(0). Suppose g = -5*s + 2 + 58. What is the tens digit of s?
1
Let s(k) = 5*k**2 - k. Let g be s(-1). Suppose -4*t + g*t = 5*h + 8, 2*h - 4*t = 0. What is the units digit of (-11)/(-3) + h/3?
3
Let y be (-320)/(-24) + (-1)/3. Suppose f - 7 = y. What is the units digit of f?
0
Let d(s) = 4*s**3 + 2*s**2 - s - 2. Let c be d(-2). Suppose -4*h - 106 = -34. What is the units digit of c/8 - (h - 1)?
6
Let w(k) = k**3 - k**2 - 4*k - 1. Let j be w(3). Suppose 15 = z - i, z = j*z - 3*i - 61. What is the units digit of z?
6
Let u(j) = -12*j. Let c be u(-1). Suppose -5*k + 23 = -c. Suppose -k = -2*d + 7. What is the units digit of d?
7
Let d = -8 + 10. Let o(l) = -6*l - 1 + d*l + 1 - 2. What is the units digit of o(-2)?
6
Let p(h) = -h**3 - 4*h**2 - 2*h - 6. Let u be p(-4). Suppose 0 = f + 3*t - 4, 0 = -4*f - 0*t + u*t + 16. What is the units digit of f?
4
Let u be (2 + 25)*(-2)/3. What is the units digit of u/(-4 + 2 - 0)?
9
Let k = 10 - 6. Let j(s) = s**2 - 2*s + 2. What is the units digit of j(k)?
0
Suppose -3*a + 5*a - 12 = 0. Suppose 2*p - 3*t = 33, -p - 2*t + 0*t + a = 0. What is the tens digit of p?
1
Suppose c + 43 = 105. What is the tens digit of c?
6
Suppose -4*d = -2*d - 8. What is the units digit of d?
4
Let c(t) = 191*t**3 + 3*t**2 - 6*t + 4. What is the units digit of c(1)?
2
What is the units digit of 4 + -3 + -1 + 68?
8
Let l be (-1)/(-5) - (-232)/(-10). What is the units digit of 4/(-14) - l/7?
3
Let g be 12 + 0*3/(-9). Let j be g/(-15)*(-10)/4. Suppose -2*s + 24 = j*l, -l + 3*l + s - 19 = 0. What is the units digit of l?
7
Suppose 0 = -5*i + 11 - 1. Suppose 4*w + 0*r - 150 = 2*r, 5*w - i*r - 188 = 0. What is the tens digit of w?
3
Let x be ((-6)/4)/((-2)/4). Let f = 1 + x. Suppose 2*r - p = 4*p - f, 2*r = -2*p + 24. What is the units digit of r?
8
Suppose -4*m + 4*g + g + 81 = 0, 2*g + 66 = 4*m. What is the units digit of m?
4
Suppose -5*d + 84 + 2186 = 0. What is the units digit of d?
4
Let f = 0 + 10. Let u be (2 - -2)/(4/f). Suppose h - u = -h. What is the units digit of h?
5
Suppose 0*i - 4*i = -o + 16, 19 = 4*o - i. Suppose 96 + 4 = o*l. What is the units digit of l?
5
Suppose 4*s - 6*s = -6. Suppose 2*g + s - 23 = 0. What is the units digit of g?
0
Let p be 2/((-159)/54 + 3). Let a be p/(-6)*(-4)/(-6). Let s = 13 - a. What is the tens digit of s?
1
Let b = 211 + 63. What is the hundreds digit of b?
2
Suppose -4*j - 3*v + 5*v = -94, -4*v - 100 = -4*j. What is the units digit of j?
2
What is the tens digit of (-349)/(-7) - (-13)/91?
5
Suppose 4*z = -f + 8, 3*f = z - 4*z + 6. Suppose -3*n + 3*l + 18 = 0, f*n = 2*n + 3*l + 8. What is the units digit of n?
2
Suppose -65 = -7*j + 2*j. What is the units digit of j?
3
Let b(t) = t**2 + 6*t - 3. Let s be b(-6). Suppose -4*l = -3*l - 11. Let u = s + l. What is the units digit of u?
8
Let k(l) = 19*l**2 - l - 4. What is the units digit of k(-2)?
4
Suppose 0 = 4*m - 2*s - 316, -106 = -2*m + 4*s + 64. What is the units digit of m?
7
Let n(c) = -c**3 + 7*c**2 - 3*c - 14. What is the units digit of n(6)?
4
Let r(f) = f - 2. Suppose 0 = 4*m + 2 - 26. What is the units digit of r(m)?
4
Let w(j) = 7*j**3 + 2*j**2 - j. What is the units digit of w(1)?
8
Let m be (-114)/(-4)*16/24. Let c = m + -10. What is the units digit of c?
9
Let u = 36 + 52. What is the tens digit of u?
8
Let n(s) be the second derivative of -s**5/2 - s**4/6 + s**2/2 - 4*s. Let b(m) = m + 3. Let o be b(-4). What is the units digit of n(o)?
9
Let t(m) = m**2 - 2*m + 7. Let s(u) = u**2 + 5*u - 1. Let h be s(-6). Let z be t(h). Let a = z - 6. What is the units digit of a?
6
Suppose 0 = -4*p - 20 + 208. What is the units digit of p?
7
Let w(p) = -2*p + 47. Let l be w(0). Suppose -3*d + 78 = -2*b - l, 5*d - 5*b = 210. What is the units digit of d?
1
Let k = -10 - -30. Let n = k - 14. What is the units digit of n?
6
Suppose 0 = 2*i, r - 10 - 2 = -3*i. Suppose -r - 3 = -3*g. What is the units digit of g?
5
Let a(q) be the second derivative of q**4/6 - 2*q. What is the tens digit of a(3)?
1
Let f(g) be the second derivative of -g**5/20 - g**4/4 + 4*g**3/3 + 3*g**2/2 + g. What is the tens digit of f(-5)?
1
Let q(i) = 18*i**3 - i**2. Let z be q(-1). Let t(l) = -l**3 + l**2 - l + 30. Let m be t(0). Let a = m + z. What is the units digit of a?
1
Let v(b) = -b**2 + 19*b - 4. What is the tens digit of v(7)?
8
Suppose -4*a + 3 = -33. What is the units digit of a?
9
Suppose -5*k + 19 + 41 = 0. Suppose -a = 3 - k. What is the units digit of a?
9
Let n = 0 + 4. Suppose 18 + 3 = 3*l. Let c = l - n. What is the units digit of c?
3
Let j = -119 + 186. What is the units digit of j?
7
Suppose -n = -5*j + 6 + 4, 4*n + 24 = 4*j. Suppose i - 16 = j. What is the tens digit of i?
1
Let o be (-1)/3 + 26/6. Let c = -3 + o. What is the units digit of c?
1
Let w(y) = y**2 - 8*y - 14. Let d(l) = l**2 - 9*l - 10. Let q be d(11). What is the units digit of w(q)?
4
What is the tens digit of (-322)/(-3) + -1 - 5/15?
0
What is the hundreds digit of (-4*(2 + -1))/((-11)/319)?
1
Let z be (0 + -4)/(-4) - -7. Suppose 0 = 5*l + 25. Let y = z + l. What is the units digit of y?
3
Let b(f) = 7*f**2. Let u be b(1). Let c(q) = -q**2 + 9*q - 6. Let s be c(u). Suppose 5*m + d - 31 = 0,